e t(-5).
4
Let h(w) = -w**2 + 1304*w + 118202. Calculate h(-85).
137
Let i(y) = -3*y**3 + 110*y**2 - 88*y + 551. Calculate i(36).
-25
Let d(o) = o**2 - 310*o + 23574. Determine d(175).
-51
Let a(u) = u**3 - 430*u**2 + 1698*u + 44. Calculate a(4).
20
Let y(w) = 4*w**2 + 43*w - 257. Give y(-20).
483
Let x(t) = -724*t**2 - 11583*t + 232. Give x(-16).
216
Let p(d) = 3*d**3 - 20*d**2 + 71*d - 12. Calculate p(6).
342
Let s(a) = 6*a**2 + 27316*a + 81927. Determine s(-3).
33
Let v(i) = -111*i**2 - 11095*i + 478. What is v(-100)?
-22
Let p(c) = -195489*c - 390977. Determine p(-2).
1
Let m(y) = -y**3 - 22*y**2 + 9*y - 282. Calculate m(-23).
40
Let l(x) = -461*x - 52636. Calculate l(-112).
-1004
Let u(k) = 24065*k - 4981432. Determine u(207).
23
Let k(x) = -x**3 - 52*x**2 + 1632*x + 4. Give k(22).
92
Let t(j) = 27*j**2 - 36*j - 2013. Determine t(-8).
3
Let s(v) = 8567*v + 8515491. What is s(-994)?
-107
Let c(m) = 234*m - 1947. What is c(8)?
-75
Let j(h) = 466*h - 10222. Determine j(21).
-436
Let q(d) = 1227*d - 74758. Calculate q(61).
89
Let r(n) = n**3 - 95*n**2 - 164*n + 6369. What is r(96)?
-159
Let m(a) = 191*a - 53208. Determine m(278).
-110
Let o(a) = -a**3 - 7*a**2 + 753*a + 3042. What is o(-4)?
-18
Let b(c) = 2*c**3 - 103*c**2 + 1319*c - 368. Determine b(29).
38
Let k(h) = h**3 - 3*h**2 - 70*h + 223. Give k(3).
13
Let u(a) = -2*a**2 - 36983*a - 1033967. Calculate u(-28).
-11
Let l(q) = -11737*q - 6314497. Calculate l(-538).
9
Let i(z) = -3*z**3 + 470*z**2 + 1603*z - 772. Calculate i(160).
-292
Let i(j) = 2589*j + 5801. What is i(-2)?
623
Let u(d) = -13*d**2 + 4464*d + 2752. Give u(344).
0
Let h(r) = 15680*r - 1254413. What is h(80)?
-13
Let s(u) = 2*u**3 + 32*u**2 + 633*u + 8038. Determine s(-14).
-40
Let y(r) = -3*r**3 - 432*r**2 - 3241*r + 21. Give y(-8).
-163
Let f(b) = 9*b**3 - 83*b**2 + 139*b - 1467. Give f(9).
-378
Let s(k) = -2*k**3 - 324*k**2 - 13127*k - 389. Give s(-81).
16
Let f(g) = 654*g - 81013. What is f(124)?
83
Let b(c) = -4346*c - 11730. What is b(-3)?
1308
Let u(k) = -14*k**3 + 181*k**2 - 512*k + 23. What is u(6)?
443
Let o(q) = -612*q - 96696. What is o(-158)?
0
Let o(v) = -v**3 + 151*v**2 - 3538*v - 78. Give o(29).
-78
Let q(u) = -2*u**2 + 342*u - 4384. Calculate q(157).
12
Let g(z) = z**3 + 6*z**2 - 114*z - 358. Determine g(-3).
11
Let k(m) = 3*m**2 + 309*m + 20. What is k(0)?
20
Let q(v) = 17032*v - 50393. What is q(3)?
703
Let c(p) = -2*p**2 + 203*p + 3899. Determine c(-19).
-680
Let n(t) = 102774*t - 616646. What is n(6)?
-2
Let o(p) = -4062*p - 69109. Calculate o(-17).
-55
Let m(h) = 364776*h - 8754624. Give m(24).
0
Let j(u) = 362*u**2 - 22442*u - 40. Determine j(62).
84
Let c(u) = -645*u - 26544. Give c(-41).
-99
Let f(z) = z**3 + 48*z**2 + 646*z + 34799. What is f(-49)?
744
Let y(u) = -u**2 - 217*u + 16773. What is y(60)?
153
Let j(x) = 8955*x + 241497. Calculate j(-27).
-288
Let l(g) = -3335*g + 36667. What is l(11)?
-18
Let v(b) = -28727*b + 229840. What is v(8)?
24
Let n(z) = -5*z**2 - 1832*z + 32622. Calculate n(18).
-1974
Let s(i) = -3*i**3 + 7*i**2 + 648*i + 154. Give s(16).
26
Let c(v) = v**2 + 1323*v - 24655. Give c(18).
-517
Let d(p) = -109895*p + 3516641. What is d(32)?
1
Let f(j) = -108962*j + 13947139. Calculate f(128).
3
Let a(x) = -41326*x + 165309. Determine a(4).
5
Let q(x) = -21*x**3 - 1179*x**2 - 124*x + 2129. Calculate q(-56).
-335
Let z(x) = x**3 - 61*x**2 - 679*x + 51693. What is z(57)?
-6
Let j(k) = -144*k**2 + 5469*k + 75. Give j(38).
-39
Let g(a) = -5*a**2 - 137*a + 1670. What is g(-37)?
-106
Let y(p) = 13*p**3 - 25*p**2 - 149*p - 9. Calculate y(-5).
-1514
Let f(m) = -4*m**2 - 323*m - 1544. Calculate f(-75).
181
Let i(b) = -b**3 + 19*b**2 + 473*b - 5291. Calculate i(29).
16
Let c(v) = -v**3 - 25*v**2 + 29*v + 466. Determine c(-26).
388
Let s(l) = 196*l + 4781. Give s(-28).
-707
Let h(x) = 3*x**3 - 268*x**2 - 1026*x - 219. Give h(93).
-498
Let q(m) = -2*m**3 - 46*m**2 + 70*m + 590. Calculate q(-24).
62
Let s(h) = -750*h - 2968. What is s(-4)?
32
Let o(q) = q**3 + 61*q**2 + 132*q - 2426. Give o(-58).
10
Let o(k) = k**3 - 337*k**2 - 652*k - 10269. Calculate o(339).
-1455
Let c(s) = 10*s**3 + 40*s**2 + 47*s + 190. Determine c(-4).
2
Let u(b) = -2*b**3 - 25*b**2 + 268*b + 18. What is u(-19)?
-381
Let z(l) = -5476*l + 136904. Determine z(25).
4
Let y(s) = -s**3 - 25*s**2 - 100*s + 395. Give y(-19).
129
Let t(p) = p**2 + 140*p + 819. Give t(-6).
15
Let r(w) = -358*w - 2847. What is r(-8)?
17
Let v(x) = -x**2 - 361*x - 31436. Determine v(-148).
88
Let l(n) = -n**3 - 385*n**2 - 4436*n - 22. Calculate l(-12).
-502
Let i(m) = -8*m**2 + 1078*m - 7526. What is i(7)?
-372
Let q(o) = 6009*o + 12241. Determine q(-2).
223
Let f(b) = 9*b**3 + 3142*b**2 + 124*b - 78488. Give f(-349).
37
Let p(v) = -868*v - 748. Calculate p(-1).
120
Let s(b) = -113119*b - 2827990. Give s(-25).
-15
Let v(x) = -451*x + 3533. What is v(4)?
1729
Let n(l) = 5387326*l + 48485937. Calculate n(-9).
3
Let j(d) = -d**3 + 164*d**2 - 1735*d - 54741. Calculate j(150).
9
Let x(i) = i**3 + 93*i**2 - 940*i - 62578. Determine x(-96).
14
Let n(d) = 627*d + 4133. Calculate n(-7).
-256
Let p(b) = -3506*b - 45474. Determine p(-13).
104
Let z(b) = -12262*b - 1777995. Determine z(-145).
-5
Let x(v) = -11128*v + 1390996. What is x(125)?
-4
Let z(g) = -13*g**2 + 369*g - 1094. Determine z(3).
-104
Let i(n) = -38*n + 7641. Determine i(195).
231
Let f(p) = 577*p - 3556. What is f(6)?
-94
Let p(j) = 441*j + 14013. Give p(-32).
-99
Let q(f) = -8919*f - 71327. Give q(-8).
25
Let k(g) = -201*g + 1003. What is k(5)?
-2
Let t(x) = -2*x**3 + 87*x**2 - 27*x + 1198. Determine t(43).
1886
Let k(d) = 2*d**3 + 148*d**2 + d + 134. Calculate k(-74).
60
Let y(g) = -2561*g - 302230. What is y(-118)?
-32
Let d(i) = -351*i + 175474. What is d(500)?
-26
Let n(w) = -16009*w - 882. Give n(0).
-882
Let y(d) = -d**3 - 3*d**2 - 123*d - 1212. What is y(-8)?
92
Let t(s) = -10*s**3 - 1041*s**2 + 1992*s - 2326. Determine t(-106).
6
Let f(z) = 395*z**2 + 2099*z - 4655. Give f(-7).
7
Let v(a) = -26*a - 19648. Determine v(-756).
8
Let b(n) = 223437*n - 72. Determine b(0).
-72
Let t(p) = -250*p - 1035. What is t(-7)?
715
Let w(a) = -4*a**3 + 7*a**2 + 802*a - 2429. Calculate w(3).
-68
Let f(n) = -92919*n - 464590. Give f(-5).
5
Let b(i) = -31754*i + 1238418. Determine b(39).
12
Let v(i) = -i**2 - 636*i + 187041. Give v(219).
-204
Let n(a) = 5*a**3 - 215*a**2 - 42*a + 1790. Give n(43).
-16
Let u(y) = y**2 - 419*y + 4420. Give u(11).
-68
Let i(u) = 418*u + 4247. Determine i(-11).
-351
Let o(p) = -214*p - 72516. What is o(-339)?
30
Let g(o) = 4*o**2 - 5930*o + 924298. Determine g(177).
4
Let r(c) = 19292*c + 1292571. Calculate r(-67).
7
Let g(b) = -1622*b**2 - 8335*b - 3. Calculate g(-5).
1122
Let l(r) = -17*r**2 + 1001*r + 206. Calculate l(59).
88
Let m(j) = 235354*j + 3530316. Calculate m(-15).
6
Let j(l) = l**3 + 14*l**2 - 376*l + 2244. Determine j(11).
1133
Let y(b) = 3860*b - 54022. Calculate y(14).
18
Let y(s) = -9043*s - 460746. Calculate y(-51).
447
Let c(x) = -x**3 - 3*x**2 + 1040*x + 7119. Determine c(-7).
35
Let x(b) = 2191*b + 28769. Give x(-13).
286
Let g(q) = -q**3 + 253*q**2 + 230*q - 121448. Determine g(252).
16
Let q(p) = -2*p**2 - 39098*p - 1599654. Give q(-41).
2
Let g(d) = -d**2 - 888*d + 340142. Determine g(289).
-11
Let i(a) = 448*a + 3409. What is i(-12)?
-1967
Let b(q) = -232*q - 10507. What is b(-43)?
-531
Let g(y) = 11*y**2 - 200*y - 129. Determine g(-9).
2562
Let v(w) = 79296*w + 317693. Calculate v(-4).
509
Let h(n) = 4968*n - 24639. Calculate h(5).
201
Let f(n) = n**3 + 127*n**2 + 1174*n + 512. Give f(-117).
44
Let j(v) = -1110*v**3 - 36*v**2 - 37*v + 1. Determine j(-1).
1112
Let m(d) = -754*d**2 - 2389*d + 38. Calculate m(-3).
419
Let s(g) = -g**2 - 1354*g - 452197. Give s(-755).
48
Let n(f) = -f**3 - 11*f**2 + 1398*f - 557. What is n(32)?
147
Let k(a) = a**3 - 21*a**2 + 82*a - 103. Determine k(14).
-327
Let h(w) = -2*w**3 + 1157*w**2 + 1550*w + 110194. Determine h(580).
-6
Let y(i) = i**3 + 9*i**2 - 233*i + 23. What is y(0)?
23
Let f(y) = 292463*y + 1169854. Determine f(-4).
2
Let t(i) = -i**3 + 36*i**2 + 80*i - 4562. Calculate t(35).
-537
Let q(z) = -2727*z + 114442. Calculate q(42).
-92
Let i(c) = c**3 - 114*c**2 - 117*c + 38399. What is i(112)?
207
Let q(g